ed by 349.
187
Calculate the remainder when 21028 is divided by 17.
16
What is the remainder when 9475 is divided by 867?
805
What is the remainder when 732755 is divided by 27?
2
What is the remainder when 22001 is divided by 155?
146
Calculate the remainder when 317613 is divided by 67.
33
What is the remainder when 4316 is divided by 51?
32
Calculate the remainder when 448222 is divided by 348.
346
What is the remainder when 47004 is divided by 27?
24
Calculate the remainder when 675686 is divided by 104.
102
Calculate the remainder when 2051 is divided by 504.
35
Calculate the remainder when 42070 is divided by 42023.
47
What is the remainder when 77802 is divided by 95?
92
Calculate the remainder when 459099 is divided by 28.
11
What is the remainder when 8244 is divided by 633?
15
What is the remainder when 26573 is divided by 24?
5
Calculate the remainder when 2061 is divided by 262.
227
What is the remainder when 527497 is divided by 73?
72
What is the remainder when 274465 is divided by 14444?
29
Calculate the remainder when 145368 is divided by 568.
528
What is the remainder when 4234 is divided by 303?
295
What is the remainder when 13853 is divided by 2744?
133
What is the remainder when 413662 is divided by 223?
220
What is the remainder when 18804 is divided by 694?
66
Calculate the remainder when 61603 is divided by 6160.
3
Calculate the remainder when 9749 is divided by 955.
199
What is the remainder when 88509 is divided by 594?
3
What is the remainder when 111952 is divided by 1555?
1547
What is the remainder when 811622 is divided by 151?
148
Calculate the remainder when 42959 is divided by 20.
19
Calculate the remainder when 2338 is divided by 36.
34
What is the remainder when 10792 is divided by 47?
29
What is the remainder when 392776 is divided by 11?
10
What is the remainder when 57034 is divided by 115?
109
Calculate the remainder when 1466795 is divided by 80.
75
What is the remainder when 3507155 is divided by 37?
36
What is the remainder when 42247 is divided by 29?
23
Calculate the remainder when 8901 is divided by 2542.
1275
Calculate the remainder when 22628 is divided by 1279.
885
Calculate the remainder when 7061 is divided by 1392.
101
What is the remainder when 2461 is divided by 1207?
47
What is the remainder when 3465 is divided by 324?
225
Calculate the remainder when 118439 is divided by 16911.
62
Calculate the remainder when 246 is divided by 9.
3
Calculate the remainder when 49095 is divided by 9803.
80
Calculate the remainder when 820 is divided by 39.
1
What is the remainder when 5797 is divided by 295?
192
What is the remainder when 34717 is divided by 224?
221
What is the remainder when 10381 is divided by 645?
61
What is the remainder when 46210 is divided by 132?
10
Calculate the remainder when 640 is divided by 183.
91
What is the remainder when 26217 is divided by 6552?
9
Calculate the remainder when 6430 is divided by 113.
102
What is the remainder when 18204592 is divided by 155?
152
Calculate the remainder when 73021 is divided by 1028.
33
Calculate the remainder when 1666 is divided by 1034.
632
Calculate the remainder when 25378 is divided by 47.
45
What is the remainder when 36193 is divided by 11940?
373
Calculate the remainder when 3746 is divided by 3706.
40
Calculate the remainder when 16930 is divided by 238.
32
Calculate the remainder when 152765 is divided by 369.
368
What is the remainder when 10198 is divided by 3377?
67
Calculate the remainder when 1690622 is divided by 99.
98
What is the remainder when 577085 is divided by 16?
13
What is the remainder when 3910 is divided by 18?
4
Calculate the remainder when 171164 is divided by 99.
92
Calculate the remainder when 1131453 is divided by 1136.
1133
What is the remainder when 430801 is divided by 35?
21
What is the remainder when 6594 is divided by 75?
69
Calculate the remainder when 191968 is divided by 1699.
1680
What is the remainder when 21240 is divided by 10612?
16
Calculate the remainder when 132305 is divided by 167.
41
Calculate the remainder when 983859 is divided by 17888.
19
Calculate the remainder when 8188 is divided by 62.
4
What is the remainder when 5038 is divided by 1250?
38
What is the remainder when 10790 is divided by 2984?
1838
Calculate the remainder when 4609 is divided by 4601.
8
What is the remainder when 759 is divided by 109?
105
What is the remainder when 16076 is divided by 169?
21
What is the remainder when 428822 is divided by 159?
158
Calculate the remainder when 497926 is divided by 170.
166
Calculate the remainder when 7439 is divided by 194.
67
What is the remainder when 1035 is divided by 5?
0
Calculate the remainder when 707732 is divided by 222.
218
Calculate the remainder when 13808 is divided by 6895.
18
What is the remainder when 8556 is divided by 427?
16
What is the remainder when 16110 is divided by 4?
2
What is the remainder when 20 is divided by 8?
4
What is the remainder when 241242 is divided by 120619?
4
Calculate the remainder when 691778 is divided by 6526.
22
Calculate the remainder when 6540 is divided by 2172.
24
Calculate the remainder when 26329 is divided by 973.
58
Calculate the remainder when 12635 is divided by 218.
209
Calculate the remainder when 4629 is divided by 2031.
567
What is the remainder when 317465 is divided by 43?
39
What is the remainder when 45673 is divided by 63?
61
Calculate the remainder when 64403 is divided by 184.
3
Calculate the remainder when 366 is divided by 160.
46
What is the remainder when 27203 is divided by 4?
3
Calculate the remainder when 20008 is divided by 1994.
68
What is the remainder when 305480 is divided by 229?
223
What is the remainder when 5613 is divided by 159?
48
Calculate the remainder when 144528 is divided by 139.
107
What is the remainder when 961813 is divided by 15?
13
Calculate the remainder when 3976 is divided by 325.
76
What is the remainder when 1199 is divided by 399?
2
What is the remainder when 335997 is divided by 168?
165
Calculate the remainder when 66063 is divided by 242.
239
Calculate the remainder when 552 is divided by 151.
99
What is the remainder when 1115404 is divided by 368?
364
What is the remainder when 40580 is divided by 50?
30
What is the remainder when 41391 is divided by 460?
451
What is the remainder when 473 is divided by 25?
23
What is the remainder when 34948 is divided by 68?
64
What is the remainder when 78585 is divided by 78572?
13
Calculate the remainder when 7598 is divided by 239.
189
Calculate the remainder when 11746 is divided by 11744.
2
Calculate the remainder when 79940 is divided by 1230.
1220
What is the remainder when 30393 is divided by 10034?
291
Calculate the remainder when 19585 is divided by 202.
193
Calculate the remainder when 41849 is divided by 229.
171
What is the remainder when 8061 is divided by 573?
39
Calculate the remainder when 4853 is divided by 1203.
41
What is the remainder when 17006 is divided by 4202?
198
What is the remainder when 186547 is divided by 1392?
19
What is the remainder when 559336 is divided by 69917?
0
Calculate the remainder when 51344 is divided by 51274.
70
Calculate the remainder when 2336 is divided by 2332.
4
What is the remainder when 1072 is divided by 31?
18
Calculate the remainder when 3573 is divided by 5.
3
What is the remainder when 102 is divided by 93?
9
What is the remainder when 79013 is divided by 316?
13
Calculate the remainder when 2878 is divided by 498.
388
Calculate the remainder when 8599 is divided by 60.
19
What is the remainder when 8316 is divided by 217?
70
Calculate the remainder when 71649 is divided by 336.
81
What is the remainder when 32277 is divided by 566?
15
Calculate the remainder when 631772 is divided by 37.
34
What is the remainder when 1299 is divided by 46?
11
What is the remainder when 8136 is divided by 2561?
453
Calculate the remainder when 2586668 is divided by 17.
16
Calculate the remainder when 31658 is divided by 344.
10
Calculate the remainder when 37898 is divided by 9467.
30
Calculate the remainder when 2803498 is divided by 623.
621
Calculate the remainder when 11045 is divided by 1224.
29
Calculate the remainder when 74174 is divided by 37050.
74
What is the remainder when 9